en 329 is divided by 37?
33
What is the remainder when 4927 is divided by 88?
87
Calculate the remainder when 1504 is divided by 33.
19
Calculate the remainder when 1365 is divided by 9.
6
Calculate the remainder when 7210 is divided by 105.
70
What is the remainder when 242 is divided by 8?
2
Calculate the remainder when 410 is divided by 138.
134
What is the remainder when 1214 is divided by 19?
17
What is the remainder when 529 is divided by 18?
7
What is the remainder when 205 is divided by 105?
100
What is the remainder when 479 is divided by 21?
17
What is the remainder when 37 is divided by 22?
15
Calculate the remainder when 122 is divided by 20.
2
What is the remainder when 861 is divided by 18?
15
What is the remainder when 218 is divided by 130?
88
Calculate the remainder when 129 is divided by 68.
61
Calculate the remainder when 197 is divided by 96.
5
Calculate the remainder when 238 is divided by 40.
38
Calculate the remainder when 45 is divided by 7.
3
Calculate the remainder when 162 is divided by 58.
46
Calculate the remainder when 271 is divided by 34.
33
What is the remainder when 687 is divided by 298?
91
What is the remainder when 41 is divided by 21?
20
What is the remainder when 663 is divided by 112?
103
Calculate the remainder when 437 is divided by 63.
59
What is the remainder when 38 is divided by 24?
14
What is the remainder when 169 is divided by 10?
9
What is the remainder when 97 is divided by 14?
13
What is the remainder when 110 is divided by 79?
31
What is the remainder when 297 is divided by 119?
59
Calculate the remainder when 1044 is divided by 27.
18
What is the remainder when 197 is divided by 6?
5
Calculate the remainder when 284 is divided by 22.
20
Calculate the remainder when 150 is divided by 22.
18
Calculate the remainder when 2782 is divided by 90.
82
Calculate the remainder when 94 is divided by 10.
4
Calculate the remainder when 17 is divided by 10.
7
What is the remainder when 2108 is divided by 132?
128
Calculate the remainder when 489 is divided by 78.
21
What is the remainder when 1105 is divided by 274?
9
What is the remainder when 1614 is divided by 538?
0
What is the remainder when 1908 is divided by 56?
4
What is the remainder when 345 is divided by 12?
9
What is the remainder when 348 is divided by 16?
12
Calculate the remainder when 290 is divided by 139.
12
What is the remainder when 135 is divided by 32?
7
Calculate the remainder when 783 is divided by 11.
2
Calculate the remainder when 1330 is divided by 46.
42
What is the remainder when 190 is divided by 49?
43
Calculate the remainder when 190 is divided by 67.
56
Calculate the remainder when 11854 is divided by 52.
50
What is the remainder when 2310 is divided by 34?
32
What is the remainder when 610 is divided by 130?
90
What is the remainder when 29 is divided by 9?
2
Calculate the remainder when 391 is divided by 294.
97
Calculate the remainder when 1054 is divided by 43.
22
What is the remainder when 245 is divided by 54?
29
Calculate the remainder when 2415 is divided by 26.
23
What is the remainder when 1064 is divided by 13?
11
What is the remainder when 48 is divided by 16?
0
Calculate the remainder when 155 is divided by 110.
45
Calculate the remainder when 61 is divided by 5.
1
What is the remainder when 1114 is divided by 371?
1
What is the remainder when 1447 is divided by 69?
67
What is the remainder when 295 is divided by 80?
55
What is the remainder when 8115 is divided by 41?
38
What is the remainder when 4328 is divided by 13?
12
Calculate the remainder when 77 is divided by 16.
13
Calculate the remainder when 7123 is divided by 52.
51
Calculate the remainder when 427 is divided by 92.
59
What is the remainder when 372 is divided by 42?
36
Calculate the remainder when 1953 is divided by 108.
9
Calculate the remainder when 9967 is divided by 10.
7
Calculate the remainder when 194 is divided by 20.
14
Calculate the remainder when 153 is divided by 22.
21
Calculate the remainder when 213 is divided by 43.
41
What is the remainder when 67 is divided by 7?
4
Calculate the remainder when 780 is divided by 16.
12
What is the remainder when 1416 is divided by 89?
81
Calculate the remainder when 3364 is divided by 1680.
4
Calculate the remainder when 145 is divided by 30.
25
Calculate the remainder when 1461 is divided by 86.
85
What is the remainder when 5157 is divided by 1716?
9
What is the remainder when 326 is divided by 10?
6
Calculate the remainder when 136 is divided by 48.
40
What is the remainder when 15242 is divided by 3?
2
What is the remainder when 1048 is divided by 58?
4
What is the remainder when 23403 is divided by 83?
80
What is the remainder when 235 is divided by 20?
15
Calculate the remainder when 350 is divided by 171.
8
Calculate the remainder when 351 is divided by 22.
21
Calculate the remainder when 233 is divided by 65.
38
Calculate the remainder when 1890 is divided by 79.
73
Calculate the remainder when 85 is divided by 36.
13
Calculate the remainder when 15838 is divided by 7918.
2
Calculate the remainder when 5069 is divided by 86.
81
Calculate the remainder when 475 is divided by 44.
35
What is the remainder when 3850 is divided by 18?
16
What is the remainder when 5257 is divided by 239?
238
What is the remainder when 1526 is divided by 11?
8
Calculate the remainder when 1877 is divided by 616.
29
What is the remainder when 146 is divided by 10?
6
Calculate the remainder when 603 is divided by 59.
13
What is the remainder when 195 is divided by 45?
15
Calculate the remainder when 792 is divided by 157.
7
Calculate the remainder when 285 is divided by 108.
69
Calculate the remainder when 721 is divided by 83.
57
What is the remainder when 286 is divided by 23?
10
Calculate the remainder when 3093 is divided by 72.
69
What is the remainder when 1422 is divided by 19?
16
What is the remainder when 612 is divided by 305?
2
Calculate the remainder when 3794 is divided by 52.
50
What is the remainder when 329 is divided by 119?
91
Calculate the remainder when 121 is divided by 67.
54
What is the remainder when 85 is divided by 11?
8
What is the remainder when 164 is divided by 69?
26
Calculate the remainder when 298 is divided by 30.
28
What is the remainder when 1258 is divided by 79?
73
What is the remainder when 4 is divided by 4?
0
Calculate the remainder when 1119 is divided by 554.
11
Calculate the remainder when 2962 is divided by 119.
106
Calculate the remainder when 257 is divided by 134.
123
What is the remainder when 53 is divided by 16?
5
Calculate the remainder when 95 is divided by 4.
3
Calculate the remainder when 12234 is divided by 76.
74
What is the remainder when 429 is divided by 24?
21
Calculate the remainder when 173 is divided by 139.
34
What is the remainder when 622 is divided by 118?
32
Calculate the remainder when 934 is divided by 456.
22
Calculate the remainder when 180 is divided by 54.
18
Calculate the remainder when 319 is divided by 77.
11
What is the remainder when 136 is divided by 26?
6
Calculate the remainder when 409 is divided by 145.
119
Calculate the remainder when 634 is divided by 3.
1
Calculate the remainder when 94 is divided by 12.
10
Calculate the remainder when 4237 is divided by 106.
103
What is the remainder when 4 is divided by 2?
0
What is the remainder when 319 is divided by 64?
63
Calculate the remainder when 194 is divided by 33.
29
What is the remainder when 301 is divided by 64?
45
What is the remainder when 181 is divided by 17?
11
Calculate the remainder when 3049 is divided by 50.
49
Calculate the remainder when 845 is divided by 136.
29
Calculate the remainder when 1337 is divided by 74.
5
Calculate the remainder when 608 is divided by 44.
36
Calculate the remainder when 261 is divided by 63.
9
Calculate the remainder when 109 is divided by 22.
21
Calculate the remainder when 133 is divided by 77.
56
What is the remainder when 363 is divided by 101?
60
What is the remainder when 600 is divided by 37?
8
Calculate the remainder when 133 is divided by 67.
66
What is the remainder when 440 is divided by 56?
48
What is the remainder when 3432 is divided by 202?
200
What is the remainder when 24891 is divided by 127?
126
What is the remai